 remainder when o is divided by g(h)?
7
Let o(t) = t**3 - 2*t**2 + 35. Let z be o(0). What is the remainder when 2/5 - (-2751)/z is divided by 16?
15
Let s(h) = h**3 + 5*h**2 - 6*h. Let o be s(-6). Suppose o = -7*d + 3*d + w + 14, -w = 4*d - 10. What is the remainder when 7 is divided by d?
1
Let g(d) = -d**2 + 7*d - 3. Let q be g(6). Suppose 7*x = q*x + 112. What is the remainder when 54 is divided by (-6)/(-4)*x/3?
12
Let c(p) = -6*p**3 - 1. What is the remainder when 24 is divided by c(-1)?
4
What is the remainder when -261*1*20/(1 - 11) is divided by 17?
12
Let g(z) = -18*z + 6*z - 11 + 10*z + 3*z. Let k(v) = -5*v**3 + v**2 - 2*v - 3. Calculate the remainder when k(-2) is divided by g(19).
5
Let u(d) = 2*d**3 - 64*d**2 - 64*d - 25. Calculate the remainder when 204 is divided by u(33).
40
Suppose -51 = -2*i + 111. What is the remainder when i is divided by 42?
39
Let r be 40/((-3)/(-4 + 1)). Suppose 43 = 3*g + 5*f, f - r = -5*g - f. Calculate the remainder when -15*((-10)/3)/5 is divided by g.
4
Suppose -15*l = -7*l - 1016. Let h = l - 111. What is the remainder when 62 is divided by h?
14
Let b = 272 - 194. Let v = -68 + b. Calculate the remainder when 58 is divided by v.
8
Let b = 28 - 18. Suppose 5*i - 5 + 205 = 0. Calculate the remainder when (-16)/i + ((-372)/(-10))/2 is divided by b.
9
Let i = -76 - -76. Suppose -2*c + 39 - 7 = i. What is the remainder when 47 is divided by c?
15
Suppose 456 = 93*i - 81*i. What is the remainder when 75 is divided by i?
37
Suppose -3*o = 4*o - 28. What is the remainder when 18 is divided by o?
2
Suppose -2*x - 283 = -4*z + 487, 3*z - 595 = -2*x. What is the remainder when z is divided by 40?
35
Suppose 7*k + 2459 = 7149. What is the remainder when k is divided by 84?
82
Let n(b) = 6*b + 3. Let g be n(-4). Let i = 22 + g. Let h = 10 - i. Calculate the remainder when 16 is divided by h.
7
Suppose -14*a + 15*a = 235. Let p = -25 + 59. Calculate the remainder when a is divided by p.
31
Let x = 86 - 166. Let f(s) = 2*s**2 - 7*s - 12. Calculate the remainder when f(7) is divided by ((-21)/(-14))/((-6)/x).
17
Suppose 5 = -4*d + 13. Suppose -4*r + 12 = d*j, 2*r = 2*j - 5*j + 14. What is the remainder when 29 is divided by 0 + r + 0 - -14?
14
Let x be -8 + 7 - (1*-4 - -1). Calculate the remainder when ((-9)/x)/((-1)/12) is divided by 11.
10
Let h(x) = x**3 - 6*x**2 - 20*x + 65. Suppose 0*s + 3 = 3*p - s, 5*s - 15 = 0. Calculate the remainder when h(8) is divided by p.
1
Let d(q) = -3*q + 24. Let u be d(7). Suppose -2*f + 21 = u. Calculate the remainder when 50 is divided by f.
5
Let b(o) = o**3 - 28*o**2 + 2*o + 19. What is the remainder when 1047 is divided by b(28)?
72
Suppose -3*x + 2*s = 4 - 2, -3 = -3*x - 3*s. Suppose x*q = 2*q - 42. What is the remainder when ((-3)/2)/(-1 - 462/(-480)) is divided by q?
19
Suppose 52*x - 2250 - 714 = 0. Calculate the remainder when 1823 is divided by x.
56
Let d(u) = -44. Let b(c) = -c + 87. Let x(g) = -3*b(g) - 7*d(g). What is the remainder when 137 is divided by x(-9)?
17
Suppose 3*k - 67 = -g - 3*g, 4*k - 5*g - 110 = 0. Calculate the remainder when 23 is divided by k/3 - 1/3.
7
Let q be ((-72)/10)/((-5)/(6 - -194)). Suppose -2*i - 4*l = -146, 4*i - 5*l - 56 = q. Calculate the remainder when i is divided by 41.
40
Let r(y) = -5*y**3 - 7*y**2 + 5*y + 15. Calculate the remainder when 141 is divided by r(-3).
69
Let l = -351 - -507. Suppose 21 = -3*u + l. Calculate the remainder when u is divided by 12.
9
Let i = 15 + -15. Suppose -2*g + i*g = 2. What is the remainder when 14 is divided by g/((-18)/(-10) + -2)?
4
Let o = -174 - -378. Suppose b - o = -3*b. Suppose 8*k - 350 + 142 = 0. Calculate the remainder when b is divided by k.
25
Suppose -5*r = 4 + 11. Let m(j) = -16*j - 2. Calculate the remainder when m(r) is divided by 24.
22
Suppose 336 = 13*v - 171. Suppose -2*l - 2 + 4 = 0. Suppose 0 = 4*n + 3*m - 41, -2*n = 2*m - 23 + l. Calculate the remainder when v is divided by n.
7
Let s(a) = a**3 + 3*a**2 - 7*a + 2. Let o be s(-6). What is the remainder when 53 is divided by ((-20)/16)/(4/o)?
13
Let h(j) = j**3 + 7*j**2 + 2*j + 16. Let t be h(-7). Suppose -89 = -3*k + n, -2*n = k + t*k - 101. What is the remainder when k is divided by 16?
15
Suppose -4*i - 8 = 0, -3*k + 4*i + 10 + 118 = 0. Let f = k + -29. Let o(m) = 4*m**2 + 4*m + 7. Calculate the remainder when o(-3) is divided by f.
9
Suppose 6*o = -5*z + 4*o + 6, o = -5*z + 8. Suppose -z*a = -5 - 5. Suppose -s + 10 = a*q, -4*s + 30 = -s + 4*q. What is the remainder when s is divided by 3?
1
Let d = 337 + -226. Let s(g) = -7*g - 7. What is the remainder when d is divided by s(-5)?
27
Calculate the remainder when ((-4524)/28 - 24/56)*-1 is divided by 33.
30
Suppose -303*s = -297*s - 162. Calculate the remainder when 39 is divided by s.
12
Let x(w) = w**3 - 4*w**2 + w. Let r be x(4). Suppose -r*n = 4*a - 148, -5*n = -6*a + a + 145. What is the remainder when a is divided by 12?
9
Let c(b) = -b**3 + 2*b**2 - 4*b + 2. Let x be c(0). Suppose -p - 468 = -4*w, -x*p = -3*w - 2*w + 585. Calculate the remainder when w is divided by 12.
9
Let n(v) = -v**3 + 11*v**2. Let f be n(11). Let k(r) = 15*r - 12. Let o be k(5). Suppose 3*y - 3 - o = f. Calculate the remainder when 87 is divided by y.
21
Calculate the remainder when ((-219)/(-12) + 1)/(1/4) is divided by 18 + 1 - (12 - 13).
17
Suppose -7*o + 2239 = 6. What is the remainder when o is divided by 36?
31
Let g(a) be the third derivative of -a**5/60 - 5*a**4/12 + a**3 - 2*a**2. Calculate the remainder when g(-9) is divided by 10/3 - 6/(-9).
3
Let n(h) = -48*h - 5. Suppose -67 = -3*w + 17. What is the remainder when n(-3) is divided by w?
27
Suppose z - 252 = 2*j + 27, z + 4*j = 303. Calculate the remainder when z is divided by 16.
15
Suppose 5*q - 75 = b, 0 = 17*b - 15*b + 10. Calculate the remainder when 72 is divided by q.
2
Suppose 3*y + 57 - 90 = 0. Suppose 5*b + 0*b - 35 = 0. Calculate the remainder when y is divided by b.
4
Let a(x) = -x**2 + 2*x + 3. Let j be a(2). Suppose 9*m = 6 + j. What is the remainder when 15 is divided by m?
0
Suppose -63*g + 52*g = -330. What is the remainder when g is divided by 28?
2
Suppose -5*i + 6 = -39. Calculate the remainder when (97/4)/(78/312) is divided by i.
7
Suppose 0 = -4*x - 29 + 197. What is the remainder when x is divided by 12?
6
Suppose 0 = -g + 5*d + 52, -4*d + 128 = 2*g - 2*d. What is the remainder when 227 is divided by g?
41
Suppose 35*w = 13*w + 858. What is the remainder when 71 is divided by w?
32
Let a be ((-52)/16)/(3/36). Let x = a + 90. What is the remainder when x is divided by 13?
12
Calculate the remainder when (-1)/((1 - 3)/916) is divided by 22.
18
What is the remainder when (-252)/(-210)*(2 - (-1789)/3) is divided by 16?
14
Let l = 64 + -37. Suppose -l = -v + 11. Suppose -3 = o, -4*d - d + o = -v. Calculate the remainder when 20 is divided by d.
6
Let w = -128 - -847. Calculate the remainder when w is divided by 24.
23
Suppose 7*b = 8*b - 2. Suppose -2*z + 3*f + 228 = 3*z, z - b*f = 47. What is the remainder when z is divided by 24?
21
Suppose -6*w + s - 3 = -270, 123 = 3*w - 4*s. What is the remainder when 220 is divided by w?
40
Let y(s) = 6*s**2 + 14*s + 3. Calculate the remainder when 213 is divided by y(-4).
41
Let h(p) = -p**2 + 14*p + 10. Let z be h(12). Let i = 32 + z. Calculate the remainder when i is divided by 34.
32
Let u = 655 + -595. Let n(i) = i**2 - 9*i - 1. Calculate the remainder when u is divided by n(11).
18
What is the remainder when 60 is divided by (1 - -1)*(-98)/(-28)?
4
Suppose -5*v = -u + 52, v - 30 = -u + 16. What is the remainder when u is divided by 25?
22
Let l(o) = 3*o**2 - o + 4. Let s be l(3). Let j = s - 11. Calculate the remainder when ((-3)/(-4) - 135/(-60)) + 45 is divided by j.
14
Let w be -3 - 8/(-4)*(-150)/(-3). Let v = 215 - w. What is the remainder when v is divided by 24?
22
Suppose 0 = -6*d + 2*d + 20. Suppose -3*v = 2*g + 3*g - 72, v = -d*g + 34. Let a(y) = 23*y + 4. Calculate the remainder when a(3) is divided by v.
16
Let h be 1 - (3/(-3) + 0). Suppose h*r + 6 = -0*r. What is the remainder when 62 is divided by (176/33)/((-1)/r)?
14
Let n(m) = 67*m. Let u = 46 + -48. What is the remainder when n(1) is divided by ((-3)/u)/((-9)/(-204))?
33
Suppose -12 = -f - 3*r, 